+ h = 0. What are the prime factors of m?
2
List the prime factors of 3 + -5 - (-25 + 0).
23
What are the prime factors of 340/6*(-66)/(-44)?
5, 17
Let w(a) = -36*a - 4 + 5*a**2 + 2 + 35*a. What are the prime factors of w(-2)?
2, 5
Let c be 4/(-8) + 30/4. Suppose m - c + 2 = 0. Suppose 12 = 2*r - d, 0*r - d - 27 = -m*r. List the prime factors of r.
5
List the prime factors of 220/4 - 3/((-3)/2).
3, 19
Let n be ((-5)/10)/(1/12). Let c = n + 13. List the prime factors of c.
7
Let i be -3 + 3/(-3) + -3. Let u(n) = n**2 + 4*n - 3. What are the prime factors of u(i)?
2, 3
Let t be -2 + 2/1 + 2. Suppose -13 = 5*v + t. Let r = -1 - v. What are the prime factors of r?
2
Let h(x) = 10*x + 5. Let u be h(6). Suppose -2*n = -u - 55. Suppose n = -i + 6*i. List the prime factors of i.
2, 3
Let p = 86 - -71. What are the prime factors of p?
157
What are the prime factors of (-6 + (-16)/(-4))*-33?
2, 3, 11
Suppose 2*r + 5 = 3*x - 0, 4*r = x - 5. List the prime factors of ((21 - x)/(-2))/(-2).
5
Let y = 6 + -12. List the prime factors of y*(24/9 - 3).
2
Let a = -11 - -18. Let j = 12 - a. What are the prime factors of j?
5
Suppose -n + 8 = 2. Let a = 12 - n. List the prime factors of a.
2, 3
Let p be 7/(-4) - 1/4. What are the prime factors of (1 + -23)*(-3 - p)?
2, 11
Suppose 2*r + 12 = 4*b, -3*r - 5*b + b = -22. Let v(k) = -5*k**2 + r - 3 + 8 - k**3. List the prime factors of v(-5).
7
Let h = -1 + 4. Suppose 0 = -h*p - p + 28. Suppose 0 = p*a - 3*a - 28. List the prime factors of a.
7
Suppose 2*z - 32 + 12 = 0. List the prime factors of z.
2, 5
Suppose 23*q = 26*q - 15. Suppose 11 = q*y - 14. What are the prime factors of y?
5
Let k(z) = 2*z**3 - 3*z + 4. Let o be k(3). Let f = -35 + o. List the prime factors of f.
2, 7
Let q(d) be the first derivative of d**4/2 - 2*d**3/3 - 3*d**2/2 + 2*d + 1. List the prime factors of q(2).
2
Let h(b) = 10*b - 5. Suppose -2*f + 12 = 4*c, f + 4*c - 6 = 2*f. List the prime factors of h(f).
3, 5
Let a = -70 - -128. What are the prime factors of a?
2, 29
Let p(s) = 20*s - 1. List the prime factors of p(3).
59
Let d(r) = r**3 + 9*r**2 + 8*r + 5. Suppose -g + 4*g = -24. List the prime factors of d(g).
5
Suppose 0 = 2*w - w - 3. Suppose -b = -w*b. List the prime factors of 1/1 + (b - -7).
2
Suppose 2*r + 6 = 6*c - 3*c, -6 = -5*r - 3*c. Suppose 3*w + r*w + 19 = j, -4*w = 5*j. List the prime factors of j.
2
Let k(t) = -t**3 + 5*t**2 - t + 7. Let q be k(5). Let n(m) = -3*m**q - 3 - m**2 + 4*m + 5*m**2. List the prime factors of n(-5).
2
Suppose 3*v - 5*r + 5 - 174 = 0, -3*v - r = -193. What are the prime factors of v?
3, 7
Let t = -13 - -19. What are the prime factors of t?
2, 3
Let j(q) = q - 1. Let x be j(4). Let c be 2/6*x - -4. Suppose 26 = c*w - 19. List the prime factors of w.
3
Let d be 3 - (1 - 2)*-1. Let z be 115/15 + d/6. Suppose m + m = z. What are the prime factors of m?
2
Let j(y) = -y**3 + 11*y**2 - 8*y + 12. What are the prime factors of j(7)?
2, 19
List the prime factors of 69 - ((-6)/(-8))/(3/12).
2, 3, 11
Suppose m = -0*m - 2. Let h(f) = -8*f - 2. List the prime factors of h(m).
2, 7
Suppose -812 = 5*s - 12*s. List the prime factors of s.
2, 29
Suppose 0 = -2*y + 7*y - 220. Suppose -4*a = -0*a - y. List the prime factors of a.
11
List the prime factors of 2/(-12) + 181/6.
2, 3, 5
Let b = 189 - 62. What are the prime factors of b?
127
Let w(u) = 3*u + 33. List the prime factors of w(6).
3, 17
Let m be (1 - -1) + 24/8. Suppose -m*j - 16 = 4, -2*t + j = -48. List the prime factors of t.
2, 11
Suppose p = -4*b + 13, 2*p - 6 = 4. Suppose 5*n + 0*z - 180 = -2*z, -n = b*z - 44. Let f = 49 - n. List the prime factors of f.
3, 5
Let q(k) = -k**2 + 6*k - 5. Let l be q(7). Suppose -4*b = -3*b. Let w = b - l. What are the prime factors of w?
2, 3
Let n = 305 - 171. What are the prime factors of n?
2, 67
Suppose 0 = 6*l + 5*l - 748. What are the prime factors of l?
2, 17
Suppose -8 = 2*x - 6*x, 0 = -3*r + 2*x + 338. What are the prime factors of r?
2, 3, 19
Suppose -4*t = 4*m - 119 + 35, -4*t + 84 = m. List the prime factors of t.
3, 7
Suppose 3*t - 3 = 4*a, 5*t = 5*a - 2 + 7. Let x be -7*(-1 - (-2 + a)). Let b = 12 + x. List the prime factors of b.
5
Let o(u) = u**3 - 11*u**2 - 10*u - 17. List the prime factors of o(12).
7
Suppose -4*v + 913 = -k, -5*v + 10*k = 9*k - 1142. What are the prime factors of v?
229
Let u = 8 + -6. Suppose u*i = 1 + 7. Suppose i*w = -0*w + 4, -3*z = -w - 44. List the prime factors of z.
3, 5
Let l(c) be the second derivative of c**5/20 + 5*c**4/12 + 2*c**2 - 3*c. List the prime factors of l(-5).
2
Suppose 2*r - 4*s - 146 = 0, -49 = 5*r + 3*s - 401. What are the prime factors of r?
71
Let w(a) = 2 - 6 - a + 0*a. Let o be w(-4). Suppose -4*y - 10 + 34 = o. List the prime factors of y.
2, 3
Let h be (4/(-6))/((-1)/(-21)). Let u be 2*(4 + (-12)/8). List the prime factors of -5*(h/u - -2).
2
Let x(i) = -i**3 + 6*i**2 + i + 3. Suppose 0 = u + 3 - 9. List the prime factors of x(u).
3
Let r(n) = n**3 - 8*n**2 - 2*n - 9. List the prime factors of r(9).
2, 3
Let m(z) = -z**3 + 10*z**2 + 2*z - 10. Let t be m(10). Let d(v) = -v**3 + 9*v**2 + 12*v + 13. List the prime factors of d(t).
3, 11
Suppose 0 = -0*j - 2*j - 3*y + 35, 25 = 5*y. Suppose 0 = -p - 5*u + 2*u + j, 3 = -3*u. What are the prime factors of p?
13
Let o be 57/12 + (-1)/(-4). Let v(l) be the first derivative of l**3/3 - l**2 - 7*l + 1. What are the prime factors of v(o)?
2
Suppose 0 = -2*t + 25 + 27. What are the prime factors of t?
2, 13
Let o(q) = -q**3 + 6*q**2 - 1. Let h be o(6). Suppose -5*p - 5 + 20 = 0. What are the prime factors of p + h + (-3 - -8)?
7
Let z(k) = k**3 - 7*k**2 + 8*k - 5. Let y be z(6). Let c = -5 + y. Suppose 4*q - 44 = 2*t, 3*t + c*t = 5*q - 55. What are the prime factors of q?
11
Let s(u) = u**2 - 9*u - 14. List the prime factors of s(15).
2, 19
Let f(h) = -h**2 + 3*h. Let a be f(3). Suppose 4*c - 42 = -5*r + 61, -3*r - c + 59 = a. What are the prime factors of r?
19
Let b = -30 - -53. Suppose 5*p - b - 7 = 0. What are the prime factors of p?
2, 3
Suppose -8*i + 189 = -5*i. What are the prime factors of i?
3, 7
Let t = -4 + -2. Let s be 0*(t/4 + 1). Suppose -z = -2*z + 4, -3*y - z + 16 = s. List the prime factors of y.
2
Let s(u) = -u**2 + 3*u. Let i = -12 + 14. List the prime factors of s(i).
2
Let g(k) = 5*k**3 + 2*k**2 + 8*k - 11. List the prime factors of g(4).
373
List the prime factors of (-1304)/(-12) - -1 - (-10)/(-15).
109
Let a = -12 + 34. List the prime factors of a.
2, 11
Suppose 42*i = 35*i + 1589. List the prime factors of i.
227
Let r(h) = h + 11. Suppose 5*p + 25 = -2*o, 2*o - 1 = -p - 6. List the prime factors of r(p).
2, 3
Let d be ((-6)/(-2))/3 - 1. Suppose -4*h + 8*h - 32 = d. List the prime factors of h.
2
Suppose 2*u + 2 = 3*u. Let y(x) = x**3 + 7*x**2 + 6*x + 5. Let t be y(-6). Suppose t*d - 6 = u*d. List the prime factors of d.
2
List the prime factors of (-3)/24*-4*(384 - 0).
2, 3
Let j = -358 + 502. List the prime factors of j.
2, 3
Suppose a - 2 = -13. Let f = 25 + a. List the prime factors of f.
2, 7
Let a(r) be the first derivative of r**2/2 + 2*r + 5. What are the prime factors of a(2)?
2
Let d = -165 - -354. List the prime factors of d.
3, 7
Let m = -2 - -7. Suppose -m*w + 3 + 7 = 0. List the prime factors of w.
2
List the prime factors of -69*((-60)/9)/5.
2, 23
Let w(n) = 2*n**2 + n + 4. Let b be w(4). Let d be (-736)/b + 4/10. What are the prime factors of d/(-4) + (-5)/(-10)?
5
Let v be 2/8 - (-125)/(-20). What are the prime factors of (-51)/v - (-2)/(-4)?
2
Let j = -45 - -90. Let r = j - 22. What are the prime factors of r?
23
List the prime factors of 2/(-12) - (-2947)/42.
2, 5, 7
Suppose -3*b + r + 636 = 0, 5*b = 3*r + 676 + 384. What are the prime factors of b?
2, 53
Let u be 1*(0 + 2 - 8). Let d be -1 - (2 + u - -1). List the prime factors of 1/(-2)*d*-13.
13
List the prime factors of (22/(-33))/(4/(-138)).
23
Let h(l) = -21*l - 11. List the prime factors of h(-7).
2, 17
Let r(t) = t - 3. Let v be r(5). Suppose 0 = -2*c + 3*m + 30, v*c - 20 = c - m. Let x = c + -7. What are the prime factors of x?
11
Let y(u) = u**3 - 3*u**2 - 2*u + 1. Let h be y(3). List the prime factors of 1*2 - (h + 1).
2, 3
Let n = -6 + 11. Let x(d) = d - 4. Let f be x(n). What are the prime factors of f*(4 + 